its digit of b?
4
Let u(o) = -o**2 - 9*o - 8. Let z be u(-4). Suppose -z = -0*q + 3*q, -162 = -2*w - q. What is the tens digit of w?
8
Let g(j) = j**3 + 5*j**2 + j + 1. Let o(q) = q**3 + 2*q**2 - q. Let z be o(-2). Suppose -3*a + 8 = a, -2*p - z = 3*a. What is the units digit of g(p)?
3
Suppose 2*y - u = 2002, 4*y - 8*u + 4*u - 3996 = 0. What is the units digit of y?
3
Suppose 16 = -5*z - 4. Let c be -3 - (z - -5 - 39). What is the units digit of c*(2 + (-16)/10)?
4
Suppose 0 = 85*h - 95*h + 160. What is the tens digit of h?
1
Suppose -k + 10 = -5*f - 23, 4*f + 34 = -3*k. Let b(g) = -g**2 - 8*g - 4. Let r be b(f). Suppose -8*p + a + 112 = -4*p, r*a = 0. What is the units digit of p?
8
Suppose -2*a + 17 = -1. Let r = -5 + a. Suppose -41 = -3*x - 5*j, r*x + 4*j - 51 = 17. What is the units digit of x?
2
Suppose -28 = -3*t + t. Let v(x) = -x**3 + 9*x**2 + 16*x - 21. Let d(z) = -z**2 + z - 1. Let q(m) = 4*d(m) - v(m). What is the tens digit of q(t)?
4
Suppose -x - 6 - 8 = -3*k, k - 2*x - 13 = 0. Suppose -k*q = -4*v - 71, -q + v = -14 - 8. What is the units digit of q?
7
Suppose 5*d = -5*t - 5, -t - 4 + 1 = 0. What is the units digit of (2220/75)/(d/5)?
4
Let u(f) = 8*f - 3 + 4 - 8. Let g be u(7). Let t = g - 17. What is the tens digit of t?
3
Suppose -699 = -107*z + 106*z. What is the units digit of z?
9
Suppose 11*m + 543 = 12*m. What is the hundreds digit of m?
5
Let f(r) be the third derivative of -r**5/60 + r**4/6 + r**3/2 - 2*r**2. Let g be f(4). Let i = 4 + g. What is the units digit of i?
7
Suppose -6*t + 4*t - 4 = -3*w, -4*t - 4*w + 32 = 0. Suppose -22 = -t*q + 62. Let d = 12 + q. What is the units digit of d?
3
Suppose -3*h - 11 + 35 = 0. Suppose 4*n + 8 = -h. Let l = n - -15. What is the tens digit of l?
1
Let n(p) = -p**3 + 4*p**2 - 3*p + 6. Let c be n(3). Suppose -j = -3 - c. Let o(k) = 3*k - 6. What is the units digit of o(j)?
1
Suppose -3*h - 222 = -4*h. Let d = h + -120. What is the hundreds digit of d?
1
Let w be (-1 - 2)*(-14 - -8). Let x be 10/45 + 86/w. Suppose 2*s + 2*s - 104 = -x*a, 2*s = -2*a + 50. What is the units digit of s?
1
Let b be (15/5)/((-3)/(-2)). Suppose 2*n + b*n = 20. What is the tens digit of 86/3 + n/15?
2
Let i(u) = -7*u**2 - u - 4. Let b be i(4). Let q = -69 - b. Suppose -2*d - d + q = 0. What is the units digit of d?
7
Let b = -295 - -187. Let j = b - -133. What is the tens digit of j?
2
Suppose 2045 = 2*n + 3*g, n + 4*n + 5*g = 5115. What is the tens digit of n?
2
Suppose 8 = -m + 3. Let x(d) be the second derivative of d**4/12 + 5*d**3/6 + 3*d**2 + 25*d. What is the units digit of x(m)?
6
What is the hundreds digit of 4/10 + 8/80*6256?
6
Suppose 1139 = 10*g - 381. Suppose 2*p + 72 - 538 = -3*j, -j = 4*p - g. What is the hundreds digit of j?
1
Let u(z) = -4*z - 10. Let o be u(-5). Let m(s) = -12*s + o*s**2 + 8 - 4*s**3 + 3*s**3 + 3*s. What is the units digit of m(9)?
8
Let x be (-1160)/(-5) - (-2 - -3). Suppose 18 = -6*m - 6. What is the units digit of (m/(-6))/(14/x)?
1
Let k(v) = -790*v - 195. What is the tens digit of k(-4)?
6
Let n(u) = u**3 - 2*u**2 - 9*u + 4. Let d be n(4). Suppose -5 = -t - d, 2*m + t = 167. What is the tens digit of m?
8
Let t = -438 - -747. What is the units digit of t?
9
Suppose -228 = -b + 165. What is the hundreds digit of b?
3
Suppose 329 = -3*o + 4*d, -d + 168 + 146 = -3*o. Let j = 63 + o. What is the tens digit of (-4 - j) + 3/3?
3
Let t(o) = 8*o - 3. Let m(v) = -v**2 - 7*v + 20. Let s be m(-9). Let f be t(s). What is the units digit of 89/f - 10/(-65)?
7
Let a = 1389 - 253. What is the hundreds digit of a?
1
Suppose -7*r = -5*r - 10. Suppose 2*x + r*v + 6 = 3*x, -15 = 3*x - 4*v. Let q = 16 - x. What is the units digit of q?
5
Let c(q) = 2*q**3 - 4*q**2 + 2*q + 1. Let z be c(2). Suppose -4*f = -4*o + 29 + 23, -f = -z*o + 49. Suppose -8*p - 60 = -o*p. What is the units digit of p?
0
Suppose 5*t - 14 = -2*t. Let f(q) = -4*q - 5*q - 5 - 4*q**t + 6*q + q**3 - 2. What is the units digit of f(5)?
3
Let m = 23 + -28. Let b(a) = -11*a + 1. What is the units digit of b(m)?
6
Let x(t) = -23*t**3 - 6*t**2 - 8*t + 2. What is the tens digit of x(-3)?
9
What is the tens digit of (-30)/(-165) + 10393/11?
4
Let h(l) = l + 236. Let o be h(0). Let c = 379 - o. What is the hundreds digit of c?
1
Let j be 3 - 3/18 - 3/(-18). Suppose 3*i - 2*i = y + 1, -3*y - 3 = 4*i. Suppose 51 + i = j*a. What is the units digit of a?
7
What is the units digit of ((-1314)/8)/((-2)/8)?
7
Let l(n) be the first derivative of -6 + 4/3*n**3 + n**2 + 2*n. What is the tens digit of l(-2)?
1
Let k(t) = t**3 - 54*t**2 - 23*t + 455. What is the units digit of k(56)?
9
Let k = 63 + -165. Let p = 158 + k. What is the units digit of p?
6
Let a(z) = z**2 - 4*z - 6*z**2 + 7*z**2 + 2*z**2 + 8. What is the units digit of a(7)?
6
Let x = 9 + -7. Suppose -29 = -x*k - 9. Let s = k + 2. What is the tens digit of s?
1
Suppose 2*n - 18 = y, 5*y - 2*y = 5*n - 44. What is the hundreds digit of (-140)/8*(-84)/n?
1
Suppose 4*t = -s + 16 - 2, -16 = s - 2*t. What is the units digit of ((-2)/s)/(1/186)?
2
Let u be 6 + -3 + (0 - (-741)/(-3)). What is the units digit of 1/(-3 - u/81)?
1
What is the hundreds digit of (-8 - 3990/12)/(6/(-8))?
4
Suppose 213 = 2*z - o, 3*z = -0*o - 5*o + 287. Suppose 0 = 3*f - 3*u - 147, -6*u = 2*f - 2*u - z. What is the tens digit of f?
5
Let m = 61 - -284. What is the units digit of m?
5
Let w = -3 - -25. Suppose -j = 2*j + 24. Let c = w + j. What is the units digit of c?
4
What is the hundreds digit of (-1 + 2)/(151/511286)?
3
Let o be (21 - 4)/(1/5). Suppose -4*y - z = 4*z + o, 5*y + 128 = z. Let b = 47 + y. What is the units digit of b?
2
Let o(s) = 6*s**3 + 240*s**2 - 49*s - 13. What is the units digit of o(-40)?
7
Let t = 7 - 4. Let f be 8/t - 5/(-15). Suppose 2*c + 4 = f*c. What is the units digit of c?
4
Let v(x) = x**3 + 2*x**2 - 1. Let b be v(-3). Suppose 118 = 2*q + 38. Let w = q + b. What is the units digit of w?
0
Let x = -39 + 43. Suppose -3*l - 4*w - 352 = -6*l, -5*l + 544 = x*w. What is the hundreds digit of l?
1
Let p = -959 - -1101. What is the units digit of p?
2
Suppose -22*x - 2*x + 21216 = 0. What is the units digit of x?
4
Let d = 45 + 19. Suppose -3*v + c + d = -3*c, -5*v = -2*c - 102. What is the units digit of (-3)/12 + 85/v?
4
Suppose -4*d - 20 = 2*x, 4*x + 9 + 7 = 0. What is the units digit of 3/((-18)/142)*d?
1
Let g = 1104 - 498. What is the units digit of g?
6
Suppose -86*k + 16*k + 48300 = 0. What is the tens digit of k?
9
Let t be 1/7 - 44/14. Let s be t*(4 + (-100)/(-3)). What is the units digit of (-4)/(-10) - s/20?
6
Let o be (-90)/(-8) + -1*3/12. What is the units digit of (-2)/o - 11872/(-77)?
4
Let n(k) = -k**3 + 6*k**2 + 7*k + 4. Let l be n(7). Suppose l*m - m = c - 2, 3*c = 5*m - 6. What is the tens digit of (20/7)/((-2)/c)?
1
Let n = 42 - 48. What is the units digit of (-92)/6*27/n?
9
Suppose 30 = 5*o + 3*l, 0 = -6*o + 2*o + 3*l - 3. What is the units digit of (8/o)/((-9)/(5535/(-10)))?
4
What is the hundreds digit of 8*42/12*(-271)/(-7)?
0
Let k be 1504/(-72) + 1/(-9). What is the tens digit of (8 - 14)*k/2?
6
Let d = -5 - 9. Let z = d - -26. Let w = 14 + z. What is the units digit of w?
6
Suppose -1 = w + 5. Let b be 4/(-24) - 13/w. Suppose 0 = -z + 3*t + 3, 5*t + 13 = 5*z - b. What is the units digit of z?
3
Suppose 5*k = -3*f - 200, -5*k + 4*f - 115 = 50. Let u = k - -34. Let v(g) = -g**3 - 2*g**2 - 3*g - 2. What is the units digit of v(u)?
6
Let p(j) = j - 1. Let k be p(1). Suppose k = -4*m - 8, -2*m - 15 = h - 75. What is the units digit of h?
4
Suppose 4*h - 545 = 719. Suppose -296 = -6*t + h. What is the hundreds digit of t?
1
Suppose 0 = -4*o + s - 5, 0 = 5*o - 5*s + 25. What is the units digit of (-3 + o)*(-12)/1?
6
Let h(x) = 70*x - 329. What is the units digit of h(7)?
1
Suppose -p + 2*d + 34 = 0, -5*p - 34 = -6*p + 5*d. Suppose -21 = a + x, 2*a + 0 = 2*x - 46. Let u = a + p. What is the tens digit of u?
1
Suppose -361 + 435 = g. What is the tens digit of g?
7
Let d = -29 - -35. Let i(p) = 15*p - 20. What is the tens digit of i(d)?
7
Suppose 0*r = -3*r + 36. What is the units digit of (-160)/r*(3 + 81/(-15))?
2
Let n(f) = 3*f - 19. Let k be n(8). Suppose -3*r + 278 = 4*d, k*d - 2*d + 4*r = 212. What is the units digit of d?
8
Let o(f) = -f**2 - f. Let r 